- p + 0 - 5 = 0. Suppose -x*m = -3*m + 16. What is the units digit of m?
6
Let j(o) = -2*o**3 + 1. Let y be j(2). Let f = 25 + y. What is the units digit of f?
0
Suppose -7*f + 4*f + 512 = -b, -508 = -3*f + 5*b. What is the tens digit of f?
7
Let w(c) = -c**2 + 8*c + 5. Let p be w(8). Let g = -13 + 24. Suppose 3*d = d, -p*d = a - g. What is the units digit of a?
1
Let m be 2*((-2)/(-4) - -2). Suppose -2*h = -m - 81. What is the units digit of h?
3
Suppose 3*a = v + 3*v - 3, -4*v + 24 = 4*a. Suppose t - v*y + 2 - 14 = 0, -28 = -2*t + 4*y. What is the units digit of t?
8
Let q be -1 - 29 - (4 - 1). Let u = q - -46. What is the units digit of u?
3
Let a = -138 - -96. What is the units digit of a/(3 + -6) + 0?
4
Let f(w) = 4*w**2 + w - 3. Let k be f(-3). Let t = k - 9. What is the tens digit of t?
2
Suppose -4*n = -n - 4*d - 293, -3*n + 5*d + 295 = 0. What is the units digit of n?
5
Let p be (0 + 6/9)*9. Let y be (-69)/p*(-1 - 1). Suppose -y + 3 = -5*j. What is the units digit of j?
4
Let p(u) = -u**2 + 14*u. Let o be p(6). What is the units digit of (60/o)/((-1)/(-24))?
0
Let u = -48 + 75. Suppose -3*q = -2*q - u. What is the tens digit of q?
2
Let b(h) = 2*h - 1. Let w be b(2). Suppose 5 = 2*d - w*d. Let k(u) = -3*u - 7. What is the units digit of k(d)?
8
Suppose 2*y + 15 = 7*y. Suppose 4*b + 21 = y*u, 0 = 5*u - 0*u - 5*b - 30. What is the units digit of u?
3
Let d(m) = 3*m - 10. Let t be d(4). What is the units digit of 101/t - 10/20?
0
Let u(x) = 6*x**2 + 7*x + 30. What is the tens digit of u(-6)?
0
What is the tens digit of (210/25)/(1/20)?
6
Suppose -5*a + 2*d = 1, 2*a - 4*d + 5 = 11. Let f = 5 - -5. Let o = a + f. What is the units digit of o?
9
Let k = 5 + 0. Suppose -43 = -3*v - k*s, 2*s = v - 0*s - 29. What is the tens digit of v?
2
Let l = 73 - 46. What is the tens digit of l?
2
Suppose -83 = 2*a + 39. Let p = 103 + a. What is the tens digit of p?
4
Let x(s) = s**2 - s - 6. Suppose 0 = 5*i - 0*d - 2*d + 35, 0 = -3*i - 5*d + 10. What is the units digit of x(i)?
4
Let z(g) = 76*g - 49. What is the units digit of z(5)?
1
Let g = -16 - -8. Let l be (-74)/g + (-4)/16. Suppose l = 3*s - 0*s. What is the units digit of s?
3
Let g = 8 + -11. Let k be ((-4)/g)/((-1)/(-12)). Suppose -2*y + 6*y = k. What is the units digit of y?
4
Suppose 6*j - j - 20 = 0. Suppose -3 = j*i - 11. What is the units digit of i?
2
Let x be (-10)/((12/9)/(-2)). Suppose -h - 1 + x = 0. What is the tens digit of h?
1
Suppose -5*r = -3*r. Suppose r = -7*p + 3*p + 20. Let a = -1 + p. What is the units digit of a?
4
Suppose -4 - 6 = -5*u, -j + 2*u = -24. What is the units digit of j?
8
What is the units digit of 2*1*(-214)/(-4)*2?
4
Let m = -18 + -8. Let k be (-6)/9 + m/6. Let b = k + 10. What is the units digit of b?
5
Suppose -2*w - w - 2*i = -14, -5*i = -5. Suppose -2*f + w*f - 34 = 0. Suppose 5*h - 2*b = f, 2*h - 1 = -2*b - 3*b. What is the units digit of h?
3
Suppose c + 3*j - 31 = 0, -3*c + 143 = 2*c + 3*j. Suppose 2*m + 2*m - c = 0. What is the units digit of m?
7
Let j = 554 + -395. What is the units digit of j?
9
Suppose -2*b + 301 = 5*b. What is the units digit of b?
3
Suppose 4*x = 2*x + 10. Suppose 5*l = -4*w + 87, -3*w + 2*w + x*l + 53 = 0. What is the tens digit of w?
2
Suppose -4*v + 81 = -67. What is the tens digit of v?
3
Let b be 1/(-4) - (-20)/16. Let r = 2 - b. What is the units digit of r/(3/(-42)*-2)?
7
Let d = -5 - -1. Let z(c) = -2*c**3 - c**2 - c - 1. Let l be z(-2). Let x = d + l. What is the units digit of x?
9
Let q = -8 + 91. What is the units digit of q?
3
Suppose -u + 22 = -2*k + 4*k, -4*u - 4*k = -84. What is the tens digit of u?
2
Let h(o) = o. Suppose -d + 5*c = 4*d + 15, 4*c = 12. Suppose d*g - 9 = -g. What is the units digit of h(g)?
9
Suppose 6*h - 21 = 3*h. Suppose -4*p + h*p + 15 = 0, 2*f + 5*p + 19 = 0. What is the units digit of f?
3
Suppose 2*w = -4 - 6. Let f = -4 - w. What is the units digit of f?
1
Suppose -112 - 185 = -3*g. What is the units digit of g?
9
Let w be 29/9 + (-16)/72. Suppose -n - 5*x + 68 = 0, 7*x - 63 = -n + w*x. What is the units digit of n?
3
Suppose -2*o = -3*y + 2 + 4, y + 4*o - 2 = 0. Suppose 64 = y*j + 10. Suppose -4*i = 11 - j. What is the units digit of i?
4
Let w(m) = -36*m + 49. What is the tens digit of w(-8)?
3
Let t be (-6)/4*(2 + -8). Let s(r) = r - 5. Let k be s(t). Suppose 0 = 4*z + 8, -k*n - 3*z = -0*z - 14. What is the units digit of n?
5
Let j(r) = -2*r**3 + 3*r - 1. Let h be j(-3). What is the units digit of 2/6 + h/12?
4
Let p(z) = -3*z + 3. Let u be p(-5). Let g(q) = -31*q**2 + q. Let f be g(1). What is the units digit of (u/f)/(1/(-15))?
9
Suppose 2*c = -5*j + 23, 25 = 4*c - 2*j + 5*j. Let v(a) = -a**3 + 5*a**2 - 3*a + 2. What is the units digit of v(c)?
6
Suppose 8*i = 7*i + 45. What is the units digit of i?
5
Let t(g) = g**3 + 5*g**2 - 6*g + 4. Let l be t(-6). Suppose 5*o - l*j = -2*j, -o = 4*j - 22. Let s(m) = 4*m. What is the units digit of s(o)?
8
Let p(y) = 12*y**2 + 4*y + 6. What is the tens digit of p(4)?
1
Let w be 2 - (18/2 + -1). Let a(r) = r**3 + 6*r**2. Let s be a(w). Suppose s*y + y - 4 = 0. What is the units digit of y?
4
Suppose 0 = 2*i - 4*i + 10. Suppose -14 = -i*f + 4*f. What is the tens digit of f?
1
What is the hundreds digit of (-210)/(-7)*(-78)/(-15) + 4?
1
Let f(x) = -2*x**3 - 26*x**2 + 22*x + 20. What is the tens digit of f(-14)?
0
Suppose -3*x + 80 = x. What is the units digit of x?
0
Let b be 4*(-3)/(-5)*-15. Let i = b + 22. Let f = 20 + i. What is the units digit of f?
6
Let k(l) = -l + 1. Let n be k(-5). Suppose -3*b + n = -b. What is the units digit of b?
3
Suppose 6*n - 8*n - 8 = 0. Let k(o) = -o**3 - 3*o**2 - 4*o - 6. What is the tens digit of k(n)?
2
Let t = 2 - 2. Let q(w) = -10*w**3 + 4*w**2 + 4*w + 28. Let x(v) = 3*v**3 - v**2 - v - 9. Let i(c) = -2*q(c) - 7*x(c). What is the units digit of i(t)?
7
Let i(k) = 2*k**2 + 11*k. Let w be (-26)/3 + 6/9. What is the units digit of i(w)?
0
Let r = 0 + 97. What is the units digit of r?
7
Let f(i) be the third derivative of i**6/120 - i**5/10 - i**4/3 + 4*i**3/3 - 2*i**2. Let c be f(7). Suppose -c = 2*a - 11. What is the units digit of a?
5
Let i(l) = -l**2 - 10*l + 8. Suppose -o - 8 = -0*o. What is the tens digit of i(o)?
2
Suppose 2*r = -4*w + 2, 2*r = -0*r + 2. Suppose w = -o - o + 34. What is the tens digit of o?
1
Let w(v) be the third derivative of v**6/360 + v**5/30 + v**4/6 + 2*v**3/3 - 2*v**2. Let k(i) be the first derivative of w(i). What is the units digit of k(-3)?
1
Suppose -n + 2*o = 6*o - 6, 0 = -n + 3*o + 13. Let l be (-4)/n - 22/(-5). Suppose -l*g = -12 - 8. What is the units digit of g?
5
Let j(d) be the second derivative of -d**3/6 - d**2/2 + 2*d. Let w be j(-5). Let m(z) = z**3 - 3*z**2 - 5*z + 6. What is the units digit of m(w)?
2
Suppose -2*i - 37 - 3 = 0. What is the tens digit of (-27)/4*i/5?
2
Let i be (2/1 - -4)/2. Suppose 2*w = i*c - c + 10, 0 = -w + 2*c + 10. Suppose w = -4*q + 71 - 19. What is the units digit of q?
3
Let r(x) = 2*x + x**2 + 8 - x**3 + 8*x**2 - 2*x**2. What is the tens digit of r(7)?
2
Let f(b) = -2*b - 4. Let d be f(-3). Suppose -k - 5 = -d*k. Suppose 3*p + x - 19 = 0, 5*p + k*x - 23 = 12. What is the units digit of p?
6
What is the tens digit of (-132)/(-5) + 8/(-20)?
2
Let b be ((-10)/(-3))/(4/(-24)). Let y = 29 + b. What is the units digit of y?
9
Suppose 0 = 58*s - 67*s + 837. What is the tens digit of s?
9
Suppose 0 = -4*r + q + 3*q + 152, -5*r - q = -220. What is the tens digit of r?
4
Let c = 0 + 4. Suppose 2*p - j - 10 = -2*j, 3*j = -c*p + 20. What is the units digit of p?
5
Let t = 240 + 41. What is the hundreds digit of t?
2
Let g be (-3 - -6)/(-1 - -2). Suppose 2*u + 10 = 2*c, -g*c + 45 = u + 2*u. What is the units digit of 4/10 + 76/c?
8
Suppose 0 = -p + 55 + 2. What is the units digit of p?
7
What is the tens digit of ((-100)/6)/1*(-18)/5?
6
Let j = 2 - 3. Let r = j - -4. Suppose x = -s + r, -4*s - 2*x = -5*x - 5. What is the units digit of s?
2
What is the units digit of (58/5)/((-16)/(-40))?
9
Let o(c) = 2*c + 1. Let a(g) = 3*g. Let m(y) = 3*a(y) - 4*o(y). Let n be m(7). Suppose n*s = 3 - 0. What is the units digit of s?
1
Suppose 3*b = 5*v - 344, -2*v = 4*b - 73 - 49. What is the tens digit of v?
6
Let v(w) = -2*w + 9. Let i be v(6). What is the unit